{"id":21,"date":"2014-09-26T17:23:32","date_gmt":"2014-09-26T17:23:32","guid":{"rendered":"http:\/\/192.168.1.104\/enfold-photography\/?page_id=21"},"modified":"2019-08-22T09:31:24","modified_gmt":"2019-08-22T07:31:24","slug":"isa-sarl","status":"publish","type":"page","link":"https:\/\/isaprint.fr\/index.php\/isa-sarl\/","title":{"rendered":"\u00c0 propos"},"content":{"rendered":"<div id='full_slider_1'  class='avia-fullwidth-slider main_color avia-shadow   avia-builder-el-0  el_before_av_layout_row  avia-builder-el-first   container_wrap fullsize'  >\n<style type=\"text\/css\" data-created_by=\"avia_inline_auto\" id=\"style-css-av-jbrut-d8734d28e2b506afa5b135b9cb06c6ca\">\n#top #wrap_all .avia-slideshow .av-slideshow-caption.av-jbrut-d8734d28e2b506afa5b135b9cb06c6ca__0 .avia-caption-title{\nfont-size:40px;\n}\n#top .avia-slideshow .av-slideshow-caption.av-jbrut-d8734d28e2b506afa5b135b9cb06c6ca__0 .avia-caption-content{\nfont-size:16px;\n}\n#top .avia-slideshow .av-slideshow-caption.av-jbrut-d8734d28e2b506afa5b135b9cb06c6ca__0 .avia-caption-content p{\nfont-size:16px;\n}\n#top #wrap_all .avia-slideshow .av-slideshow-caption.av-jbrut-d8734d28e2b506afa5b135b9cb06c6ca__1 .avia-caption-title{\nfont-size:40px;\n}\n#top .avia-slideshow .av-slideshow-caption.av-jbrut-d8734d28e2b506afa5b135b9cb06c6ca__1 .avia-caption-content{\nfont-size:16px;\n}\n#top .avia-slideshow .av-slideshow-caption.av-jbrut-d8734d28e2b506afa5b135b9cb06c6ca__1 .avia-caption-content p{\nfont-size:16px;\n}\n<\/style>\n<div  class='avia-slideshow av-jbrut-d8734d28e2b506afa5b135b9cb06c6ca avia-slideshow-featured_large av_slideshow_full avia-fade-slider av-slideshow-ui av-control-minimal av-slideshow-autoplay av-loop-endless av-loop-manual-endless av-default-height-applied   avia-slideshow-1' data-slideshow-options=\"{&quot;animation&quot;:&quot;fade&quot;,&quot;autoplay&quot;:true,&quot;loop_autoplay&quot;:&quot;endless&quot;,&quot;interval&quot;:5,&quot;loop_manual&quot;:&quot;manual-endless&quot;,&quot;autoplay_stopper&quot;:false,&quot;noNavigation&quot;:false,&quot;bg_slider&quot;:false,&quot;keep_padding&quot;:false,&quot;hoverpause&quot;:false,&quot;show_slide_delay&quot;:0}\"  itemprop=\"image\" itemscope=\"itemscope\" itemtype=\"https:\/\/schema.org\/ImageObject\" ><ul class='avia-slideshow-inner ' style='padding-bottom: 42%;'><li  class='avia-slideshow-slide av-jbrut-d8734d28e2b506afa5b135b9cb06c6ca__0  slide-1 slide-odd'><div data-rel='slideshow-1' class='avia-slide-wrap '   ><div class='av-slideshow-caption av-jbrut-d8734d28e2b506afa5b135b9cb06c6ca__0 caption_fullwidth caption_left'><div class=\"container caption_container\"><div class=\"slideshow_caption\"><div class=\"slideshow_inner_caption\"><div class=\"slideshow_align_caption\"><h2 class='avia-caption-title '  itemprop=\"name\" >NOTRE ENGAGEMENT<\/h2><div class='avia-caption-content '  itemprop=\"description\" ><p>Conscients que la qualit\u00e9 est un acteur essentiel du d\u00e9veloppement durable d\u2019une entreprise, nous nous engageons \u00e0 r\u00e9pondre aux exigences de nos clients.<\/p>\n<p>Imprim\u2019Vert, Print environnement, P.E.F.C., F.S.C., Bilan Carbone \u2026<\/p>\n<\/div><\/div><\/div><\/div><\/div><\/div><img decoding=\"async\" fetchpriority=\"high\" class=\"wp-image-644 avia-img-lazy-loading-not-644\"  src=\"https:\/\/isaprint.fr\/wp-content\/uploads\/2019\/08\/AdobeStock_84442062-1500x630.jpeg\" width=\"1500\" height=\"630\" title='Turquoise river meandering through forested landscape' alt=''  itemprop=\"thumbnailUrl\"   \/><\/div><\/li><li  class='avia-slideshow-slide av-jbrut-d8734d28e2b506afa5b135b9cb06c6ca__1  slide-2 slide-even'><div data-rel='slideshow-1' class='avia-slide-wrap '   ><div class='av-slideshow-caption av-jbrut-d8734d28e2b506afa5b135b9cb06c6ca__1 caption_fullwidth caption_left caption_left_framed caption_framed'><div class=\"container caption_container\"><div class=\"slideshow_caption\"><div class=\"slideshow_inner_caption\"><div class=\"slideshow_align_caption\"><h2 class='avia-caption-title '  itemprop=\"name\" >objets \u00c9CO-CON\u00c7US<\/h2><div class='avia-caption-content '  itemprop=\"description\" ><p>Tr\u00e8s sensible \u00e0 l&rsquo;environnement et notre avenir, nous avons fait le choix de privil\u00e9gi\u00e9s la distribution de produits \u00c9co-Con\u00e7us.<\/p>\n<\/div><a href='http:\/\/isaprint.fr\/index.php\/contact\/'  class='avia-slideshow-button avia-button avia-color-dark ' data-duration='800' data-easing='easeInOutQuad'>Demandez notre catalogue<\/a><\/div><\/div><\/div><\/div><\/div><img decoding=\"async\" fetchpriority=\"high\" class=\"wp-image-636 avia-img-lazy-loading-not-636\"  src=\"https:\/\/isaprint.fr\/wp-content\/uploads\/2019\/08\/AdobeStock_170661218-1500x630.jpeg\" width=\"1500\" height=\"630\" title='cotton' alt=''  itemprop=\"thumbnailUrl\"   \/><\/div><\/li><\/ul><div class='avia-slideshow-arrows avia-slideshow-controls' ><a href='#prev' class='prev-slide  avia-svg-icon avia-font-svg_entypo-fontello' data-av_svg_icon='left-open-big' data-av_iconset='svg_entypo-fontello' tabindex='-1' title=\"Pr\u00e9c\u00e9dent\"><svg version=\"1.1\" xmlns=\"http:\/\/www.w3.org\/2000\/svg\" width=\"15\" height=\"32\" viewBox=\"0 0 15 32\" preserveAspectRatio=\"xMidYMid meet\" aria-labelledby='av-svg-title-1' aria-describedby='av-svg-desc-1' role=\"graphics-symbol\" aria-hidden=\"true\">\n<title id='av-svg-title-1'>Pr\u00e9c\u00e9dent<\/title>\n<desc id='av-svg-desc-1'>Pr\u00e9c\u00e9dent<\/desc>\n<path d=\"M14.464 27.84q0.832 0.832 0 1.536-0.832 0.832-1.536 0l-12.544-12.608q-0.768-0.768 0-1.6l12.544-12.608q0.704-0.832 1.536 0 0.832 0.704 0 1.536l-11.456 11.904z\"><\/path>\n<\/svg><span class='avia_hidden_link_text'>Pr\u00e9c\u00e9dent<\/span><\/a><a href='#next' class='next-slide  avia-svg-icon avia-font-svg_entypo-fontello' data-av_svg_icon='right-open-big' data-av_iconset='svg_entypo-fontello' tabindex='-1' title=\"Suivant\"><svg version=\"1.1\" xmlns=\"http:\/\/www.w3.org\/2000\/svg\" width=\"15\" height=\"32\" viewBox=\"0 0 15 32\" preserveAspectRatio=\"xMidYMid meet\" aria-labelledby='av-svg-title-2' aria-describedby='av-svg-desc-2' role=\"graphics-symbol\" aria-hidden=\"true\">\n<title id='av-svg-title-2'>Suivant<\/title>\n<desc id='av-svg-desc-2'>Suivant<\/desc>\n<path d=\"M0.416 27.84l11.456-11.84-11.456-11.904q-0.832-0.832 0-1.536 0.832-0.832 1.536 0l12.544 12.608q0.768 0.832 0 1.6l-12.544 12.608q-0.704 0.832-1.536 0-0.832-0.704 0-1.536z\"><\/path>\n<\/svg><span class='avia_hidden_link_text'>Suivant<\/span><\/a><\/div><div class='avia-slideshow-dots avia-slideshow-controls'><a href='#1' class='goto-slide active' >1<\/a><a href='#2' class='goto-slide ' >2<\/a><\/div><\/div><\/div>\n<div id='av-layout-grid-1'  class='av-layout-grid-container av-hogld-f96243c0134c8e752b895ecf6f382708 entry-content-wrapper main_color av-flex-cells  avia-builder-el-1  el_after_av_slideshow_full  el_before_av_section  grid-row-not-first  container_wrap fullsize'  >\n\n<style type=\"text\/css\" data-created_by=\"avia_inline_auto\" id=\"style-css-av-h4pmx-1fa78eada3327bed5323d12b466b44c3\">\n.flex_cell.av-h4pmx-1fa78eada3327bed5323d12b466b44c3{\nvertical-align:top;\n}\n.responsive #top #wrap_all .flex_cell.av-h4pmx-1fa78eada3327bed5323d12b466b44c3{\npadding:30px 30px 30px 30px !important;\n}\n<\/style>\n<div class='flex_cell av-h4pmx-1fa78eada3327bed5323d12b466b44c3 av-gridrow-cell av_one_third no_margin  avia-builder-el-2  el_before_av_cell_one_third  avia-builder-el-first  content-align-top'  ><div class='flex_cell_inner'><p>\n<style type=\"text\/css\" data-created_by=\"avia_inline_auto\" id=\"style-css-av-31ed5-a02c628b6d4b6b58b530a4b6c487473e\">\n#top .av-special-heading.av-31ed5-a02c628b6d4b6b58b530a4b6c487473e{\npadding-bottom:10px;\n}\nbody .av-special-heading.av-31ed5-a02c628b6d4b6b58b530a4b6c487473e .av-special-heading-tag .heading-char{\nfont-size:25px;\n}\n.av-special-heading.av-31ed5-a02c628b6d4b6b58b530a4b6c487473e .av-subheading{\nfont-size:15px;\n}\n<\/style>\n<div  class='av-special-heading av-31ed5-a02c628b6d4b6b58b530a4b6c487473e av-special-heading-h3  avia-builder-el-3  el_before_av_textblock  avia-builder-el-first '><h3 class='av-special-heading-tag '  itemprop=\"headline\"  >Qui sommes nous ?<\/h3><div class=\"special-heading-border\"><div class=\"special-heading-inner-border\"><\/div><\/div><\/div><br \/>\n<section  class='av_textblock_section av-fogjh-4643a6729e99a2bd8d1ce376c305091d '   itemscope=\"itemscope\" itemtype=\"https:\/\/schema.org\/CreativeWork\" ><div class='avia_textblock'  itemprop=\"text\" ><p>Agence de communication globale, ISA a \u00e9t\u00e9 fond\u00e9e en 2006.<br \/>\nProgressivement, l\u2019agence s\u2019est d\u00e9velopp\u00e9e et sp\u00e9cialis\u00e9e, elle proposent<br \/>\nles services suivants : Conseil, Cr\u00e9ation, Print, Textile, Goodies, Web, Packaging, PLV &#8230;<\/p>\n<\/div><\/section><\/p>\n<\/div><\/div>\n<style type=\"text\/css\" data-created_by=\"avia_inline_auto\" id=\"style-css-av-fb2tt-22d3665af15e1bbc1378817e28436dd2\">\n.flex_cell.av-fb2tt-22d3665af15e1bbc1378817e28436dd2{\nvertical-align:top;\nbackground-color:#f7f7f7;\n}\n.responsive #top #wrap_all .flex_cell.av-fb2tt-22d3665af15e1bbc1378817e28436dd2{\npadding:30px 30px 30px 30px !important;\n}\n<\/style>\n<div class='flex_cell av-fb2tt-22d3665af15e1bbc1378817e28436dd2 av-gridrow-cell av_one_third no_margin  avia-builder-el-5  el_after_av_cell_one_third  el_before_av_cell_one_third  content-align-top'  ><div class='flex_cell_inner'><p>\n<style type=\"text\/css\" data-created_by=\"avia_inline_auto\" id=\"style-css-av-8sj1-0eea13ba5929e1a59c75ba0e1f810e3f\">\n#top .av-special-heading.av-8sj1-0eea13ba5929e1a59c75ba0e1f810e3f{\npadding-bottom:10px;\n}\nbody .av-special-heading.av-8sj1-0eea13ba5929e1a59c75ba0e1f810e3f .av-special-heading-tag .heading-char{\nfont-size:25px;\n}\n.av-special-heading.av-8sj1-0eea13ba5929e1a59c75ba0e1f810e3f .av-subheading{\nfont-size:15px;\n}\n<\/style>\n<div  class='av-special-heading av-8sj1-0eea13ba5929e1a59c75ba0e1f810e3f av-special-heading-h3  avia-builder-el-6  el_before_av_textblock  avia-builder-el-first '><h3 class='av-special-heading-tag '  itemprop=\"headline\"  >Cr\u00e9ation Graphique<\/h3><div class=\"special-heading-border\"><div class=\"special-heading-inner-border\"><\/div><\/div><\/div><br \/>\n<section  class='av_textblock_section av-e4jt5-c52b5d72f2d097384309afa2db859853 '   itemscope=\"itemscope\" itemtype=\"https:\/\/schema.org\/CreativeWork\" ><div class='avia_textblock'  itemprop=\"text\" ><p>L&rsquo;activit\u00e9 de conception vise \u00e0 mettre en \u0153uvre et coordonner la r\u00e9alisation d&rsquo;une communication visuelle. Nous avons pour mission de concevoir, mettre en oeuvre et coordonner la r\u00e9alisation de vos produits.<\/p>\n<\/div><\/section><\/p>\n<\/div><\/div>\n<style type=\"text\/css\" data-created_by=\"avia_inline_auto\" id=\"style-css-av-dcu4h-42ec98fb6e83438107035df156c035c3\">\n.flex_cell.av-dcu4h-42ec98fb6e83438107035df156c035c3{\nvertical-align:top;\nbackground-color:#eaeaea;\n}\n.responsive #top #wrap_all .flex_cell.av-dcu4h-42ec98fb6e83438107035df156c035c3{\npadding:30px 30px 30px 30px !important;\n}\n<\/style>\n<div class='flex_cell av-dcu4h-42ec98fb6e83438107035df156c035c3 av-gridrow-cell av_one_third no_margin  avia-builder-el-8  el_after_av_cell_one_third  avia-builder-el-last  content-align-top'  ><div class='flex_cell_inner'><p>\n<style type=\"text\/css\" data-created_by=\"avia_inline_auto\" id=\"style-css-av-210vh-30bc3859298bdccd6b494e53fac09c3d\">\n#top .av-special-heading.av-210vh-30bc3859298bdccd6b494e53fac09c3d{\npadding-bottom:10px;\n}\nbody .av-special-heading.av-210vh-30bc3859298bdccd6b494e53fac09c3d .av-special-heading-tag .heading-char{\nfont-size:25px;\n}\n.av-special-heading.av-210vh-30bc3859298bdccd6b494e53fac09c3d .av-subheading{\nfont-size:15px;\n}\n<\/style>\n<div  class='av-special-heading av-210vh-30bc3859298bdccd6b494e53fac09c3d av-special-heading-h3  avia-builder-el-9  el_before_av_textblock  avia-builder-el-first '><h3 class='av-special-heading-tag '  itemprop=\"headline\"  >Impression sur Papier<\/h3><div class=\"special-heading-border\"><div class=\"special-heading-inner-border\"><\/div><\/div><\/div><br \/>\n<section  class='av_textblock_section av-c50ch-e53c8aaac361d51345d6f612552e49a3 '   itemscope=\"itemscope\" itemtype=\"https:\/\/schema.org\/CreativeWork\" ><div class='avia_textblock'  itemprop=\"text\" ><p>Toujours \u00e0 la pointe de la technologie, nous nous engageons \u00e0 mettre au service de nos clients un parc machines de derni\u00e8re g\u00e9n\u00e9ration.<br \/>\nNous produisons en offset traditionnel et U.V. mais aussi en num\u00e9rique, pour les tirages qui sont en petit, moyen et grand format.<\/p>\n<\/div><\/section><\/p>\n<\/div><\/div>\n<\/div>\n\n<style type=\"text\/css\" data-created_by=\"avia_inline_auto\" id=\"style-css-av-bovmx-e75fef8824b8275721d5944c43acf3e6\">\n.avia-section.av-bovmx-e75fef8824b8275721d5944c43acf3e6{\nbackground-color:#c00c6c;\nbackground-image:unset;\n}\n.avia-section.av-bovmx-e75fef8824b8275721d5944c43acf3e6 .av-extra-border-element .av-extra-border-inner{\nbackground-color:#c00c6c;\n}\n<\/style>\n<div id='av_section_1'  class='avia-section av-bovmx-e75fef8824b8275721d5944c43acf3e6 main_color avia-section-default avia-no-border-styling  avia-builder-el-11  el_after_av_layout_row  el_before_av_layout_row  avia-bg-style-scroll av-arrow-down-section container_wrap fullsize'  ><div class='container av-section-cont-open' ><div class='template-page content  av-content-full alpha units'><div class='post-entry post-entry-type-page post-entry-21'><div class='entry-content-wrapper clearfix'>\n<div  class='flex_column av-b656d-ab6586054a57ddc5a4773a0a18195eeb av_one_fourth  avia-builder-el-12  el_before_av_one_fourth  avia-builder-el-first  first flex_column_div  '     ><div  class=\"avia-animated-number av-ahnul-d1d88e5105d1ed3956cd9be6d620e8a2 av-force-default-color avia_animate_when_visible  avia-builder-el-13  avia-builder-el-no-sibling  avia-color-font-light \" data-timer=\"3000\"><strong class=\"heading avia-animated-number-title\"><span class=\"avia-no-number\">+ de <\/span><span class=\"avia-single-number __av-single-number\" data-number_format=\"\" data-number=\"13\" data-start_from=\"0\">13<\/span><\/strong><div class=\"avia-animated-number-content\"><p>Ann\u00e9es d\u2019existence<\/p>\n<\/div><\/div><\/div><div  class='flex_column av-a1nx9-c80891697a71ae4eb9ebabcc4a736789 av_one_fourth  avia-builder-el-14  el_after_av_one_fourth  el_before_av_one_fourth  flex_column_div  '     ><div  class=\"avia-animated-number av-90h6t-258588148c315c35e5ab58b337533b02 av-force-default-color avia_animate_when_visible  avia-builder-el-15  avia-builder-el-no-sibling  avia-color-font-light \" data-timer=\"3000\"><strong class=\"heading avia-animated-number-title\"><span class=\"avia-no-number\">+ de <\/span><span class=\"avia-single-number __av-single-number\" data-number_format=\"\" data-number=\"1000\" data-start_from=\"0\">1000<\/span><\/strong><div class=\"avia-animated-number-content\"><p>Objets en stock<\/p>\n<\/div><\/div><\/div><div  class='flex_column av-uegl-34a8be960201c7b271840372d0a78d5d av_one_fourth  avia-builder-el-16  el_after_av_one_fourth  el_before_av_one_fourth  flex_column_div  '     ><div  class=\"avia-animated-number av-7tvjp-d693ef7224bf56d1d6ab73602b503731 av-force-default-color avia_animate_when_visible  avia-builder-el-17  avia-builder-el-no-sibling  avia-color-font-light \" data-timer=\"3000\"><strong class=\"heading avia-animated-number-title\"><span class=\"avia-no-number\">+ de <\/span><span class=\"avia-single-number __av-single-number\" data-number_format=\"\" data-number=\"10\" data-start_from=\"0\">10<\/span><\/strong><div class=\"avia-animated-number-content\"><p>techniques de marquage<\/p>\n<\/div><\/div><\/div><div  class='flex_column av-7olqd-b571d492c2b9240ef261b95d6de74094 av_one_fourth  avia-builder-el-18  el_after_av_one_fourth  avia-builder-el-last  flex_column_div  '     ><div  class=\"avia-animated-number av-72ozx-098d6bdf9bb6ba8b64309808ee6a20da av-force-default-color avia_animate_when_visible  avia-builder-el-19  avia-builder-el-no-sibling  avia-color-font-light \" data-timer=\"3000\"><strong class=\"heading avia-animated-number-title\"><span class=\"avia-no-number\">+ de <\/span><span class=\"avia-single-number __av-single-number\" data-number_format=\"\" data-number=\"300\" data-start_from=\"0\">300<\/span><\/strong><div class=\"avia-animated-number-content\"><p>r\u00e9alisations par an<\/p>\n<\/div><\/div><\/div>\n\n<\/div><\/div><\/div><!-- close content main div --><\/div><div class='av-extra-border-element border-extra-arrow-down'><div class='av-extra-border-outer'><div class='av-extra-border-inner'><\/div><\/div><\/div><\/div><div id='av-layout-grid-2'  class='av-layout-grid-container av-60le5-057ac53245da8137a84555e625164cba entry-content-wrapper main_color av-flex-cells  avia-builder-el-20  el_after_av_section  el_before_av_layout_row  grid-row-not-first  container_wrap fullsize'  >\n\n<style type=\"text\/css\" data-created_by=\"avia_inline_auto\" id=\"style-css-av-5mc1l-1c12f89ec2d4bc3901673eaeb0cc898f\">\n.flex_cell.av-5mc1l-1c12f89ec2d4bc3901673eaeb0cc898f{\nvertical-align:top;\nheight:400px;\nmin-height:400px;\nbackground:url(https:\/\/isaprint.fr\/wp-content\/uploads\/2014\/09\/ISA_tenue-corporate-2-1-845x684.jpg) 50% 50% no-repeat scroll ;\n}\n.responsive #top #wrap_all .flex_cell.av-5mc1l-1c12f89ec2d4bc3901673eaeb0cc898f{\npadding:30px 30px 30px 30px !important;\n}\n<\/style>\n<div class='flex_cell av-5mc1l-1c12f89ec2d4bc3901673eaeb0cc898f av-gridrow-cell av_one_half no_margin  avia-builder-el-21  el_before_av_cell_one_half  avia-builder-el-first  content-align-top avia-full-stretch'  ><div class='flex_cell_inner'><\/div><\/div>\n<style type=\"text\/css\" data-created_by=\"avia_inline_auto\" id=\"style-css-av-4vr95-b97e5e9f899fb921d8370a00f7c5a42a\">\n.flex_cell.av-4vr95-b97e5e9f899fb921d8370a00f7c5a42a{\nvertical-align:top;\nheight:400px;\nmin-height:400px;\nbackground:url(https:\/\/isaprint.fr\/wp-content\/uploads\/2019\/08\/IMG_3027-845x684.jpeg) 50% 50% no-repeat scroll ;\n}\n.responsive #top #wrap_all .flex_cell.av-4vr95-b97e5e9f899fb921d8370a00f7c5a42a{\npadding:30px 30px 30px 30px !important;\n}\n<\/style>\n<div class='flex_cell av-4vr95-b97e5e9f899fb921d8370a00f7c5a42a av-gridrow-cell av_one_half no_margin  avia-builder-el-22  el_after_av_cell_one_half  avia-builder-el-last  content-align-top avia-full-stretch'  ><div class='flex_cell_inner'><\/div><\/div><\/div><div id='av-layout-grid-3'  class='av-layout-grid-container av-48q8p-2e3d37fe1314d670fb51f69a08a368fe entry-content-wrapper main_color av-flex-cells  avia-builder-el-23  el_after_av_layout_row  avia-builder-el-last  grid-row-not-first  container_wrap fullsize'  >\n\n<style type=\"text\/css\" data-created_by=\"avia_inline_auto\" id=\"style-css-av-3sizh-70ad5e0538dfdf8339fdb5016daf6ddb\">\n.flex_cell.av-3sizh-70ad5e0538dfdf8339fdb5016daf6ddb{\nvertical-align:top;\n}\n.responsive #top #wrap_all .flex_cell.av-3sizh-70ad5e0538dfdf8339fdb5016daf6ddb{\npadding:40px 40px 40px 40px !important;\n}\n<\/style>\n<div class='flex_cell av-3sizh-70ad5e0538dfdf8339fdb5016daf6ddb av-gridrow-cell av_one_half no_margin  avia-builder-el-24  el_before_av_cell_one_half  avia-builder-el-first  content-align-top'  ><div class='flex_cell_inner'><p>\n<style type=\"text\/css\" data-created_by=\"avia_inline_auto\" id=\"style-css-av-1l8a1-91efa3c9b0ff2deb1df72512d9540743\">\n#top .av-special-heading.av-1l8a1-91efa3c9b0ff2deb1df72512d9540743{\npadding-bottom:10px;\n}\nbody .av-special-heading.av-1l8a1-91efa3c9b0ff2deb1df72512d9540743 .av-special-heading-tag .heading-char{\nfont-size:25px;\n}\n.av-special-heading.av-1l8a1-91efa3c9b0ff2deb1df72512d9540743 .av-subheading{\nfont-size:15px;\n}\n<\/style>\n<div  class='av-special-heading av-1l8a1-91efa3c9b0ff2deb1df72512d9540743 av-special-heading-h3  avia-builder-el-25  el_before_av_textblock  avia-builder-el-first '><h3 class='av-special-heading-tag '  itemprop=\"headline\"  >Personnalisation d\u2019Objets\/Goodies<\/h3><div class=\"special-heading-border\"><div class=\"special-heading-inner-border\"><\/div><\/div><\/div><br \/>\n<section  class='av_textblock_section av-2uw9d-671a51d8fc34d0164fe4cb35d44e43f4 '   itemscope=\"itemscope\" itemtype=\"https:\/\/schema.org\/CreativeWork\" ><div class='avia_textblock'  itemprop=\"text\" ><p>L\u2019objet publicitaire est un support de communication incontournable. Les possibilit\u00e9s qu&rsquo;offrent les goodies\u00a0d&rsquo;entreprise sont in\u00e9puisables. Choix de leurs formes, choix des couleurs et choix de la mati\u00e8re&#8230; Une multitude de possibilit\u00e9s de personnalisation sp\u00e9cialement adapt\u00e9 pour chaque\u00a0op\u00e9ration.<\/p>\n<\/div><\/section><\/p>\n<\/div><\/div>\n<style type=\"text\/css\" data-created_by=\"avia_inline_auto\" id=\"style-css-av-7t9l-701e90d17c6a6e9d6fe6c4f0b10c9e59\">\n.flex_cell.av-7t9l-701e90d17c6a6e9d6fe6c4f0b10c9e59{\nvertical-align:top;\nbackground-color:#f7f7f7;\n}\n.responsive #top #wrap_all .flex_cell.av-7t9l-701e90d17c6a6e9d6fe6c4f0b10c9e59{\npadding:40px 40px 40px 40px !important;\n}\n<\/style>\n<div class='flex_cell av-7t9l-701e90d17c6a6e9d6fe6c4f0b10c9e59 av-gridrow-cell av_one_half no_margin  avia-builder-el-27  el_after_av_cell_one_half  avia-builder-el-last  content-align-top'  ><div class='flex_cell_inner'><p>\n<style type=\"text\/css\" data-created_by=\"avia_inline_auto\" id=\"style-css-av-12fnp-9456e83a2421c64ac16447fadd00a8ed\">\n#top .av-special-heading.av-12fnp-9456e83a2421c64ac16447fadd00a8ed{\npadding-bottom:10px;\n}\nbody .av-special-heading.av-12fnp-9456e83a2421c64ac16447fadd00a8ed .av-special-heading-tag .heading-char{\nfont-size:25px;\n}\n.av-special-heading.av-12fnp-9456e83a2421c64ac16447fadd00a8ed .av-subheading{\nfont-size:15px;\n}\n<\/style>\n<div  class='av-special-heading av-12fnp-9456e83a2421c64ac16447fadd00a8ed av-special-heading-h3  avia-builder-el-28  el_before_av_textblock  avia-builder-el-first '><h3 class='av-special-heading-tag '  itemprop=\"headline\"  >Marquage sur Textile<\/h3><div class=\"special-heading-border\"><div class=\"special-heading-inner-border\"><\/div><\/div><\/div><br \/>\n<section  class='av_textblock_section av-p2y5-fd3d0978125da27dd2983a398a752ffd '   itemscope=\"itemscope\" itemtype=\"https:\/\/schema.org\/CreativeWork\" ><div class='avia_textblock'  itemprop=\"text\" ><p>Nous utilisons diff\u00e9rents types de marquage industriel pour la personnalisation selon les supports de communication et le budget. Transfert s\u00e9rigraphique ou num\u00e9rique, impression num\u00e9rique directe sur textile, broderie personnalis\u00e9e et la s\u00e9rigraphie sont autant de proc\u00e9d\u00e9s que nous ma\u00eetrisons de A \u00e0 Z.<\/p>\n<\/div><\/section><\/p>\n<\/div><\/div>\n<\/div><\/p>\n","protected":false},"excerpt":{"rendered":"","protected":false},"author":1,"featured_media":0,"parent":0,"menu_order":0,"comment_status":"closed","ping_status":"open","template":"","meta":{"footnotes":""},"_links":{"self":[{"href":"https:\/\/isaprint.fr\/index.php\/wp-json\/wp\/v2\/pages\/21"}],"collection":[{"href":"https:\/\/isaprint.fr\/index.php\/wp-json\/wp\/v2\/pages"}],"about":[{"href":"https:\/\/isaprint.fr\/index.php\/wp-json\/wp\/v2\/types\/page"}],"author":[{"embeddable":true,"href":"https:\/\/isaprint.fr\/index.php\/wp-json\/wp\/v2\/users\/1"}],"replies":[{"embeddable":true,"href":"https:\/\/isaprint.fr\/index.php\/wp-json\/wp\/v2\/comments?post=21"}],"version-history":[{"count":42,"href":"https:\/\/isaprint.fr\/index.php\/wp-json\/wp\/v2\/pages\/21\/revisions"}],"predecessor-version":[{"id":739,"href":"https:\/\/isaprint.fr\/index.php\/wp-json\/wp\/v2\/pages\/21\/revisions\/739"}],"wp:attachment":[{"href":"https:\/\/isaprint.fr\/index.php\/wp-json\/wp\/v2\/media?parent=21"}],"curies":[{"name":"wp","href":"https:\/\/api.w.org\/{rel}","templated":true}]}}