{"id":23,"date":"2014-09-26T17:23:42","date_gmt":"2014-09-26T17:23:42","guid":{"rendered":"http:\/\/192.168.1.104\/enfold-photography\/?page_id=23"},"modified":"2025-01-28T13:04:09","modified_gmt":"2025-01-28T12:04:09","slug":"contact","status":"publish","type":"page","link":"https:\/\/isaprint.fr\/index.php\/contact\/","title":{"rendered":"Contact"},"content":{"rendered":"<div  class='av_gmaps_sc_main_wrap av_gmaps_main_wrap '><div id='av_gmap_0' class='avia-google-map-container avia-google-map-sc av_gmaps_show_unconditionally av-no-fallback-img ' data-mapid='av_gmap_0'  style='height: 600px;'><a class=\"av_gmaps_browser_disabled av_text_confirm_link av_text_confirm_link_visible\" href=\"https:\/\/www.google.com\/maps\/search\/?api=1&#038;query=38,%20rue%20Gay%20Lussac%2077290%20MITRY-MORY%20%20France\" target=\"_blank\" rel=\"noopener\">Les cartes ont \u00e9t\u00e9 d\u00e9sactiv\u00e9es par le visiteur sur ce site. Cliquer pour ouvrir la carte dans une nouvelle fen\u00eatre.<\/a><\/div><\/div>\n<div id='av-layout-grid-1'  class='av-layout-grid-container av-7x8az-06c6c6da8cdce0ea261459cfd98b6537 entry-content-wrapper main_color av-flex-cells  avia-builder-el-1  el_after_av_google_map  avia-builder-el-last  grid-row-not-first  container_wrap fullsize'  >\n\n<style type=\"text\/css\" data-created_by=\"avia_inline_auto\" id=\"style-css-av-7ph7r-576f20182b5dbf245fe96e5c7eb7c440\">\n.flex_cell.av-7ph7r-576f20182b5dbf245fe96e5c7eb7c440{\nvertical-align:top;\n}\n.responsive #top #wrap_all .flex_cell.av-7ph7r-576f20182b5dbf245fe96e5c7eb7c440{\npadding:30px 30px 30px 30px !important;\n}\n<\/style>\n<div class='flex_cell av-7ph7r-576f20182b5dbf245fe96e5c7eb7c440 av-gridrow-cell av_one_half no_margin  avia-builder-el-2  el_before_av_cell_one_half  avia-builder-el-first  content-align-top'  ><div class='flex_cell_inner'><p>\n<style type=\"text\/css\" data-created_by=\"avia_inline_auto\" id=\"style-css-av-7q0z-9add6a8b0e92910ae0ccb30db5a53688\">\n#top .av-special-heading.av-7q0z-9add6a8b0e92910ae0ccb30db5a53688{\npadding-bottom:10px;\n}\nbody .av-special-heading.av-7q0z-9add6a8b0e92910ae0ccb30db5a53688 .av-special-heading-tag .heading-char{\nfont-size:25px;\n}\n.av-special-heading.av-7q0z-9add6a8b0e92910ae0ccb30db5a53688 .av-subheading{\nfont-size:15px;\n}\n<\/style>\n<div  class='av-special-heading av-7q0z-9add6a8b0e92910ae0ccb30db5a53688 av-special-heading-h3  avia-builder-el-3  el_before_av_contact  avia-builder-el-first '><h3 class='av-special-heading-tag '  itemprop=\"headline\"  >Rentrez en contact<\/h3><div class=\"special-heading-border\"><div class=\"special-heading-inner-border\"><\/div><\/div><\/div><br \/>\n<form action=\"https:\/\/isaprint.fr\/index.php\/contact\/\" method=\"post\" data-fields-with-error=\"Erreurs trouv\u00e9es dans les champs suivants :\" class=\"avia_ajax_form av-form-labels-visible   avia-builder-el-4  el_after_av_heading  avia-builder-el-last  av-show-form-errors   \" data-avia-form-id=\"1\" data-avia-redirect=''  aria-label='Formulaire de contact' ><fieldset><p class='  first_form  form_element form_fullwidth' id='element_avia_1_1'><label for=\"avia_1_1\">Soci\u00e9t\u00e9 <abbr class=\"required\" title=\"requis(e)\">*<\/abbr><\/label> <input name=\"avia_1_1\" class=\"text_input is_empty\" type=\"text\" id=\"avia_1_1\" value=\"\" \/><\/p><p class='  first_form  form_element form_element_half' id='element_avia_2_1'><label for=\"avia_2_1\">Nom <abbr class=\"required\" title=\"requis(e)\">*<\/abbr><\/label> <input name=\"avia_2_1\" class=\"text_input is_empty\" type=\"text\" id=\"avia_2_1\" value=\"\" \/><\/p><p class='  form_element form_element_half' id='element_avia_3_1'><label for=\"avia_3_1\">E-Mail <abbr class=\"required\" title=\"requis(e)\">*<\/abbr><\/label> <input name=\"avia_3_1\" class=\"text_input is_email\" type=\"text\" id=\"avia_3_1\" value=\"\" \/><\/p><p class='  first_form  form_element form_fullwidth' id='element_avia_4_1'><label for=\"avia_4_1\">Sujet <abbr class=\"required\" title=\"requis(e)\">*<\/abbr><\/label> <input name=\"avia_4_1\" class=\"text_input is_empty\" type=\"text\" id=\"avia_4_1\" value=\"\" \/><\/p><p class='  first_form  form_element form_fullwidth av-last-visible-form-element' id='element_avia_5_1'><label for=\"avia_5_1\" class=\"textare_label hidden textare_label_avia_5_1\">Message <abbr class=\"required\" title=\"requis(e)\">*<\/abbr><\/label><textarea  name=\"avia_5_1\" class=\"text_area is_empty\" cols=\"40\" rows=\"7\" id=\"avia_5_1\" ><\/textarea><\/p><p class=\"hidden\"><input type=\"text\" name=\"avia_6_1\" class=\"hidden \" id=\"avia_6_1\" value=\"\" \/><\/p><p class=\"form_element \"><input type=\"hidden\" value=\"1\" name=\"avia_generated_form1\" \/><input type=\"submit\" value=\"Envoyer\" class=\"button\"  data-sending-label=\"Envoi\"\/><\/p><\/fieldset><\/form><div id=\"ajaxresponse_1\" class=\"ajaxresponse ajaxresponse_1 hidden\"><\/div><\/p>\n<\/div><\/div>\n<style type=\"text\/css\" data-created_by=\"avia_inline_auto\" id=\"style-css-av-bw3r-f29feb5d0a4d73628263e0ed509ce337\">\n.flex_cell.av-bw3r-f29feb5d0a4d73628263e0ed509ce337{\nvertical-align:top;\n}\n.responsive #top #wrap_all .flex_cell.av-bw3r-f29feb5d0a4d73628263e0ed509ce337{\npadding:30px 30px 30px 30px !important;\n}\n<\/style>\n<div class='flex_cell av-bw3r-f29feb5d0a4d73628263e0ed509ce337 av-gridrow-cell av_one_half no_margin  avia-builder-el-5  el_after_av_cell_one_half  avia-builder-el-last  content-align-top'  ><div class='flex_cell_inner'><p>\n<style type=\"text\/css\" data-created_by=\"avia_inline_auto\" id=\"style-css-av-1m62r-fe2fc92da5be62c67e648379b791ebc8\">\n#top .av-special-heading.av-1m62r-fe2fc92da5be62c67e648379b791ebc8{\npadding-bottom:10px;\n}\nbody .av-special-heading.av-1m62r-fe2fc92da5be62c67e648379b791ebc8 .av-special-heading-tag .heading-char{\nfont-size:25px;\n}\n.av-special-heading.av-1m62r-fe2fc92da5be62c67e648379b791ebc8 .av-subheading{\nfont-size:15px;\n}\n<\/style>\n<div  class='av-special-heading av-1m62r-fe2fc92da5be62c67e648379b791ebc8 av-special-heading-h3  avia-builder-el-6  el_before_av_textblock  avia-builder-el-first '><h3 class='av-special-heading-tag '  itemprop=\"headline\"  >Infos<\/h3><div class=\"special-heading-border\"><div class=\"special-heading-inner-border\"><\/div><\/div><\/div><br \/>\n\n<style type=\"text\/css\" data-created_by=\"avia_inline_auto\" id=\"style-css-av-2ceaf-64e1daf3615d07c4386b2d35c20db4df\">\n#top .av_textblock_section.av-2ceaf-64e1daf3615d07c4386b2d35c20db4df .avia_textblock{\nfont-size:16px;\n}\n<\/style>\n<section  class='av_textblock_section av-2ceaf-64e1daf3615d07c4386b2d35c20db4df '   itemscope=\"itemscope\" itemtype=\"https:\/\/schema.org\/CreativeWork\" ><div class='avia_textblock'  itemprop=\"text\" ><p><strong>ISA sarl<br \/>\nE-Mail :<\/strong> contact@isaprint.fr<br \/>\n<strong>Adresse :<\/strong> 38, rue Gay Lussac &#8211; 77290 MITRY-MORY<br \/>\n<strong>T\u00e9l\u00e9phone :<\/strong> 09 72 10 55 75<\/p>\n<\/div><\/section><br \/>\n\n<style type=\"text\/css\" data-created_by=\"avia_inline_auto\" id=\"style-css-av-rb73-1e870f8050a7c2d407fd1c695cf286c6\">\n#top .av-special-heading.av-rb73-1e870f8050a7c2d407fd1c695cf286c6{\npadding-bottom:10px;\n}\nbody .av-special-heading.av-rb73-1e870f8050a7c2d407fd1c695cf286c6 .av-special-heading-tag .heading-char{\nfont-size:25px;\n}\n.av-special-heading.av-rb73-1e870f8050a7c2d407fd1c695cf286c6 .av-subheading{\nfont-size:15px;\n}\n<\/style>\n<div  class='av-special-heading av-rb73-1e870f8050a7c2d407fd1c695cf286c6 av-special-heading-h3  avia-builder-el-8  el_after_av_textblock  el_before_av_textblock '><h3 class='av-special-heading-tag '  itemprop=\"headline\"  >Quelques infos<\/h3><div class=\"special-heading-border\"><div class=\"special-heading-inner-border\"><\/div><\/div><\/div><br \/>\n<section  class='av_textblock_section av-xapf-0b695984df604e6c152704f50b2d7434 '   itemscope=\"itemscope\" itemtype=\"https:\/\/schema.org\/CreativeWork\" ><div class='avia_textblock'  itemprop=\"text\" ><p>Agence de communication globale, ISA a \u00e9t\u00e9 fond\u00e9e en 2006.<br \/>\nProgressivement, l\u2019agence s\u2019est d\u00e9velopp\u00e9e et sp\u00e9cialis\u00e9e, elle proposent<br \/>\nles services suivants : Conseil, Cr\u00e9ation, Impression, Papier, Textile, Goodies, Web, Packaging, PLV, &#8230;<\/p>\n<\/div><\/section><\/p>\n<\/div><\/div><\/div>\n","protected":false},"excerpt":{"rendered":"","protected":false},"author":1,"featured_media":0,"parent":0,"menu_order":0,"comment_status":"closed","ping_status":"open","template":"","meta":{"footnotes":""},"_links":{"self":[{"href":"https:\/\/isaprint.fr\/index.php\/wp-json\/wp\/v2\/pages\/23"}],"collection":[{"href":"https:\/\/isaprint.fr\/index.php\/wp-json\/wp\/v2\/pages"}],"about":[{"href":"https:\/\/isaprint.fr\/index.php\/wp-json\/wp\/v2\/types\/page"}],"author":[{"embeddable":true,"href":"https:\/\/isaprint.fr\/index.php\/wp-json\/wp\/v2\/users\/1"}],"replies":[{"embeddable":true,"href":"https:\/\/isaprint.fr\/index.php\/wp-json\/wp\/v2\/comments?post=23"}],"version-history":[{"count":13,"href":"https:\/\/isaprint.fr\/index.php\/wp-json\/wp\/v2\/pages\/23\/revisions"}],"predecessor-version":[{"id":981,"href":"https:\/\/isaprint.fr\/index.php\/wp-json\/wp\/v2\/pages\/23\/revisions\/981"}],"wp:attachment":[{"href":"https:\/\/isaprint.fr\/index.php\/wp-json\/wp\/v2\/media?parent=23"}],"curies":[{"name":"wp","href":"https:\/\/api.w.org\/{rel}","templated":true}]}}